 3, 17
List the prime factors of 459.
3, 17
List the prime factors of 3012.
2, 3, 251
What are the prime factors of 527?
17, 31
What are the prime factors of 29281?
7, 47, 89
What are the prime factors of 22536?
2, 3, 313
List the prime factors of 11402.
2, 5701
List the prime factors of 969.
3, 17, 19
What are the prime factors of 33958?
2, 16979
What are the prime factors of 2485?
5, 7, 71
What are the prime factors of 580?
2, 5, 29
What are the prime factors of 596?
2, 149
What are the prime factors of 2810?
2, 5, 281
What are the prime factors of 300?
2, 3, 5
What are the prime factors of 1011?
3, 337
What are the prime factors of 13855?
5, 17, 163
List the prime factors of 8974.
2, 7, 641
List the prime factors of 46561.
101, 461
What are the prime factors of 1174?
2, 587
List the prime factors of 22617.
3, 7, 359
What are the prime factors of 597?
3, 199
What are the prime factors of 2918?
2, 1459
List the prime factors of 10141.
10141
What are the prime factors of 8332?
2, 2083
What are the prime factors of 4385?
5, 877
What are the prime factors of 1070?
2, 5, 107
What are the prime factors of 33992?
2, 7, 607
List the prime factors of 50225.
5, 7, 41
What are the prime factors of 1364?
2, 11, 31
What are the prime factors of 420?
2, 3, 5, 7
List the prime factors of 508.
2, 127
What are the prime factors of 12628?
2, 7, 11, 41
List the prime factors of 126.
2, 3, 7
List the prime factors of 4079.
4079
What are the prime factors of 1532?
2, 383
List the prime factors of 62310.
2, 3, 5, 31, 67
List the prime factors of 14659.
107, 137
What are the prime factors of 17680?
2, 5, 13, 17
What are the prime factors of 3117?
3, 1039
List the prime factors of 34939.
34939
What are the prime factors of 2001?
3, 23, 29
What are the prime factors of 762?
2, 3, 127
List the prime factors of 789.
3, 263
List the prime factors of 5671.
53, 107
What are the prime factors of 1201?
1201
List the prime factors of 1664.
2, 13
What are the prime factors of 33758?
2, 16879
List the prime factors of 1347.
3, 449
List the prime factors of 67.
67
List the prime factors of 591.
3, 197
List the prime factors of 4791.
3, 1597
List the prime factors of 51605.
5, 10321
What are the prime factors of 16131?
3, 19, 283
List the prime factors of 1322.
2, 661
List the prime factors of 34737.
3, 11579
List the prime factors of 952.
2, 7, 17
List the prime factors of 3144.
2, 3, 131
List the prime factors of 30814.
2, 7, 31, 71
List the prime factors of 93285.
3, 5, 691
What are the prime factors of 52679?
11, 4789
What are the prime factors of 44221?
44221
What are the prime factors of 70090?
2, 5, 43, 163
List the prime factors of 21858.
2, 3, 3643
What are the prime factors of 5666?
2, 2833
List the prime factors of 115698.
2, 3, 11, 1753
List the prime factors of 2239.
2239
What are the prime factors of 6313?
59, 107
List the prime factors of 12640.
2, 5, 79
List the prime factors of 51008.
2, 797
What are the prime factors of 2723?
7, 389
What are the prime factors of 8830?
2, 5, 883
What are the prime factors of 1324?
2, 331
List the prime factors of 93651.
3, 19, 31, 53
What are the prime factors of 4537?
13, 349
List the prime factors of 1392.
2, 3, 29
List the prime factors of 9431.
9431
What are the prime factors of 2052?
2, 3, 19
List the prime factors of 13040.
2, 5, 163
What are the prime factors of 2712?
2, 3, 113
List the prime factors of 10256.
2, 641
List the prime factors of 8669.
8669
What are the prime factors of 2932?
2, 733
List the prime factors of 15977.
13, 1229
List the prime factors of 115.
5, 23
List the prime factors of 4872.
2, 3, 7, 29
List the prime factors of 29584.
2, 43
What are the prime factors of 40711?
11, 3701
List the prime factors of 4150.
2, 5, 83
List the prime factors of 4894.
2, 2447
List the prime factors of 44140.
2, 5, 2207
List the prime factors of 742.
2, 7, 53
What are the prime factors of 1305?
3, 5, 29
What are the prime factors of 55508?
2, 13877
What are the prime factors of 49870?
2, 5, 4987
List the prime factors of 172.
2, 43
What are the prime factors of 16842?
2, 3, 7, 401
List the prime factors of 2402.
2, 1201
List the prime factors of 695.
5, 139
What are the prime factors of 3893?
17, 229
What are the prime factors of 1348?
2, 337
What are the prime factors of 36437?
83, 439
What are the prime factors of 3622?
2, 1811
What are the prime factors of 63684?
2, 3, 29, 61
What are the prime factors of 1732?
2, 433
List the prime factors of 24107.
24107
List the prime factors of 22791.
3, 71, 107
List the prime factors of 4145.
5, 829
List the prime factors of 268.
2, 67
What are the prime factors of 63267?
3, 21089
What are the prime factors of 1025?
5, 41
What are the prime factors of 6998?
2, 3499
What are the prime factors of 4226?
2, 2113
List the prime factors of 45554.
2, 22777
What are the prime factors of 35907?
3, 11969
List the prime factors of 58459.
53, 1103
List the prime factors of 5731.
11, 521
What are the prime factors of 2852?
2, 23, 31
List the prime factors of 54542.
2, 27271
What are the prime factors of 158842?
2, 43, 1847
List the prime factors of 17891.
17891
List the prime factors of 46462.
2, 13, 1787
What are the prime factors of 899?
29, 31
List the prime factors of 23700.
2, 3, 5, 79
List the prime factors of 75935.
5, 15187
List the prime factors of 60892.
2, 13, 1171
List the prime factors of 51564.
2, 3, 4297
What are the prime factors of 11173?
11173
List the prime factors of 236.
2, 59
What are the prime factors of 26894?
2, 7, 17, 113
List the prime factors of 11332.
2, 2833
List the prime factors of 13354.
2, 11, 607
What are the prime factors of 1797?
3, 599
List the prime factors of 11378.
2, 5689
List the prime factors of 81713.
41, 1993
List the prime factors of 1195.
5, 239
List the prime factors of 2311.
2311
List the prime factors of 283.
283
List the prime factors of 4063.
17, 239
What are the prime factors of 143?
11, 13
List the prime factors of 30057.
3, 43, 233
List the prime factors of 209.
11, 19
List the prime factors of 52942.
2, 103, 257
List the prime factors of 22731.
3, 7577
List the prime factors of 1506.
2, 3, 251
List the prime factors of 196.
2, 7
List the prime factors of 76020.
2, 3, 5, 7, 181
What are the prime factors of 29166?
2, 3, 4861
What are the prime factors of 1898?
2, 13, 73
What are the prime factors of 1118?
2, 13, 43
What are the prime factors of 10022?
2, 5011
What are the prime factors of 1304?
2, 163
What are the prime factors of 55805?
5, 11161
List the prime factors of 4006.
2, 2003
List the prime factors of 1511.
1511
List the prime factors of 9804.
2, 3, 19, 43
What are the prime factors of 9796?
2, 31, 79
List the prime factors of 815.
5, 163
What are the prime factors of 18410?
2, 5, 7, 263
What are the prime factors of 947?
947
What are the prime factors of 31343?
13, 2411
List the prime factors of 39198.
2, 3, 47, 139
List the prime factors of 51019.
163, 313
What are the prime factors of 16213?
31, 523
List the prime factors of 59166.
2, 3, 19, 173
List the prime factors of 379.
379
What are the prime factors of 23306?
2, 43, 271
What are the prime factors of 13701?
3, 4567
List the prime factors of 12842.
2, 6421
List the prime factors of 64182.
2, 3, 19, 563
List the prime factors of 2014.
2, 19, 53
List the prime factors of 12609.
3, 467
List the prime factors of 11415.
3, 5, 761
What are the prime factors of 28881?
3, 3209
List the prime factors of 8364.
2, 3, 17, 41
List the prime factors of 817.
19, 43
What are the prime factors of 21749?
7, 13, 239
What are the prime factors of 1515?
3, 5, 101
List the prime factors of 57805.
5, 11, 1051
What are the prime factors of 6478?
2, 41, 79
What are the prime factors of 65331?
3, 7, 17, 61
What are the prime factors of 613?
613
What are the prime factors of 9622?
2, 17, 283
What are the prime factors of 4388?
2, 1097
List the prime factors of 2533.
17, 149
What are the prime factors of 19101?
3, 6367
List the prime factors of 111303.
3, 83, 149
What are the prime factors of 684?
2, 3, 19
List the prime factors of 23446.
2, 19, 617
What are the prime factors of 426?
2, 3, 71
What are the prime factors of 218?
2, 109
What are the prime factors of 20773?
20773
List the prime